{"id":437,"date":"2020-01-23T17:25:32","date_gmt":"2020-01-23T20:25:32","guid":{"rendered":"http:\/\/sindicatodecerveceros.com\/?page_id=437"},"modified":"2020-01-23T17:25:32","modified_gmt":"2020-01-23T20:25:32","slug":"nuestra-casa","status":"publish","type":"page","link":"https:\/\/sindicatodecerveceros.com\/index.php\/nuestra-casa\/","title":{"rendered":"Nuestra Casa"},"content":{"rendered":"\n<p>Desde el inicio de gesti\u00f3n de la comisi\u00f3n actual presidida por Pedro L\u00f3pez hemos llevamos a cabo diferentes obras de infraestructura en nuestra sede central. Entre ellas logramos reestructurar el frente de la instituci\u00f3n, como as\u00ed tambi\u00e9n la construcci\u00f3n de cero de la cancha de f\u00fatbol, sanitarios y sal\u00f3n de eventos. <\/p>\n\n\n\n<figure class=\"wp-block-video\"><video controls poster=\"https:\/\/sindicatodecerveceros.com\/wp-content\/uploads\/2020\/01\/desde-1988-junto-a-los-trabajadores-6.png\" src=\"blob:https:\/\/sindicatodecerveceros.com\/cd39dfd7-de47-4c22-a7e2-7f85410d7a7b\"><\/video><\/figure>\n","protected":false},"excerpt":{"rendered":"<p>Desde el inicio de gesti\u00f3n de la comisi\u00f3n actual presidida por Pedro L\u00f3pez hemos llevamos a cabo diferentes obras de infraestructura en [&hellip;]<\/p>\n","protected":false},"author":1,"featured_media":191,"parent":0,"menu_order":0,"comment_status":"closed","ping_status":"closed","template":"","meta":{"footnotes":""},"class_list":["post-437","page","type-page","status-publish","has-post-thumbnail","hentry"],"_links":{"self":[{"href":"https:\/\/sindicatodecerveceros.com\/index.php\/wp-json\/wp\/v2\/pages\/437","targetHints":{"allow":["GET"]}}],"collection":[{"href":"https:\/\/sindicatodecerveceros.com\/index.php\/wp-json\/wp\/v2\/pages"}],"about":[{"href":"https:\/\/sindicatodecerveceros.com\/index.php\/wp-json\/wp\/v2\/types\/page"}],"author":[{"embeddable":true,"href":"https:\/\/sindicatodecerveceros.com\/index.php\/wp-json\/wp\/v2\/users\/1"}],"replies":[{"embeddable":true,"href":"https:\/\/sindicatodecerveceros.com\/index.php\/wp-json\/wp\/v2\/comments?post=437"}],"version-history":[{"count":2,"href":"https:\/\/sindicatodecerveceros.com\/index.php\/wp-json\/wp\/v2\/pages\/437\/revisions"}],"predecessor-version":[{"id":441,"href":"https:\/\/sindicatodecerveceros.com\/index.php\/wp-json\/wp\/v2\/pages\/437\/revisions\/441"}],"wp:featuredmedia":[{"embeddable":true,"href":"https:\/\/sindicatodecerveceros.com\/index.php\/wp-json\/wp\/v2\/media\/191"}],"wp:attachment":[{"href":"https:\/\/sindicatodecerveceros.com\/index.php\/wp-json\/wp\/v2\/media?parent=437"}],"curies":[{"name":"wp","href":"https:\/\/api.w.org\/{rel}","templated":true}]}}